tors of 974402044.
2, 7, 11, 31, 61, 239
What are the prime factors of 2462558954?
2, 19, 29, 167, 13381
List the prime factors of 115677566.
2, 57838783
What are the prime factors of 40734230?
2, 5, 4073423
List the prime factors of 110262872.
2, 29, 475271
List the prime factors of 406032586.
2, 203016293
List the prime factors of 785634323.
785634323
List the prime factors of 479543076.
2, 3, 211, 63131
List the prime factors of 1077763811.
2153, 500587
List the prime factors of 1454726261.
17, 73, 547, 2143
What are the prime factors of 2724612?
2, 3, 11, 20641
List the prime factors of 5612891717.
17, 971, 340031
List the prime factors of 210436882.
2, 79, 773, 1723
What are the prime factors of 656464318?
2, 131, 877, 2857
List the prime factors of 1652920400.
2, 5, 59, 70039
What are the prime factors of 1150809129?
3, 43, 2973667
What are the prime factors of 5286087?
3, 195781
List the prime factors of 226895091.
3, 75631697
What are the prime factors of 3640003692?
2, 3, 13, 23333357
What are the prime factors of 704859522?
2, 3, 2011, 58417
What are the prime factors of 7953620344?
2, 37, 26870339
What are the prime factors of 34950327?
3, 41, 284149
What are the prime factors of 5484374054?
2, 19, 144325633
What are the prime factors of 252591884?
2, 3739, 16889
What are the prime factors of 320016704?
2, 7, 17, 42019
List the prime factors of 593653234.
2, 37, 2713, 2957
What are the prime factors of 968723772?
2, 3, 29, 2783689
List the prime factors of 205198516.
2, 1949, 26321
List the prime factors of 47776355.
5, 11, 19, 131, 349
List the prime factors of 88909823.
5309, 16747
What are the prime factors of 66734750?
2, 5, 173, 1543
List the prime factors of 337108748.
2, 3089, 27283
List the prime factors of 139220732.
2, 7, 139, 35771
What are the prime factors of 651715757?
7, 11, 17, 497873
What are the prime factors of 3861794?
2, 31, 199, 313
What are the prime factors of 71908521?
3, 17, 19, 74209
What are the prime factors of 4701645184?
2, 29, 79, 16033
What are the prime factors of 1444478929?
67, 21559387
List the prime factors of 312823591.
8081, 38711
List the prime factors of 221338300.
2, 5, 17, 130199
List the prime factors of 83163394.
2, 41581697
List the prime factors of 141321583.
13, 149, 72959
What are the prime factors of 145354648?
2, 37, 607, 809
What are the prime factors of 5814315123?
3, 1938105041
List the prime factors of 87711928.
2, 10963991
What are the prime factors of 71961664?
2, 19, 23, 31, 83
What are the prime factors of 26381061?
3, 7, 163, 367
List the prime factors of 60376139.
1741, 34679
List the prime factors of 155991757.
41, 71, 1307
List the prime factors of 727062980.
2, 5, 7, 491, 1511
List the prime factors of 3620325500.
2, 5, 11, 71, 73, 127
List the prime factors of 44915645.
5, 53, 169493
What are the prime factors of 162856763?
61, 211, 12653
What are the prime factors of 16777410?
2, 3, 5, 13, 43019
List the prime factors of 1461975076.
2, 97, 3767977
List the prime factors of 416047305.
3, 5, 27736487
List the prime factors of 14057854.
2, 37, 271, 701
List the prime factors of 150363511.
19, 457, 17317
What are the prime factors of 418722438?
2, 3, 757, 92189
List the prime factors of 1453326895.
5, 521, 557899
List the prime factors of 2018087212.
2, 59, 173, 49429
List the prime factors of 198878806.
2, 7, 14205629
List the prime factors of 785239234.
2, 13, 37, 1697
List the prime factors of 1473090756.
2, 3, 103, 1191821
List the prime factors of 442175126.
2, 7549, 29287
List the prime factors of 9574750.
2, 5, 38299
What are the prime factors of 290904?
2, 3, 17, 23, 31
What are the prime factors of 827327675?
5, 3371, 9817
List the prime factors of 730771981.
503, 1452827
List the prime factors of 13892132.
2, 3473033
List the prime factors of 3877609575.
3, 5, 7, 29, 257, 991
What are the prime factors of 3101596301?
61, 50845841
List the prime factors of 74520419.
43, 1733033
What are the prime factors of 1517288729?
11, 29, 359, 13249
What are the prime factors of 352412502?
2, 3, 13, 4518109
What are the prime factors of 2015092292?
2, 73, 1609, 4289
What are the prime factors of 4215242926?
2, 431, 1361, 3593
What are the prime factors of 112996086?
2, 3, 7, 2690383
What are the prime factors of 648144715?
5, 23, 997, 5653
What are the prime factors of 438685086?
2, 3, 7, 10444883
List the prime factors of 1258969765.
5, 17, 269, 55061
What are the prime factors of 518923289?
1259, 412171
List the prime factors of 77948824.
2, 9743603
What are the prime factors of 107866474?
2, 179, 301303
What are the prime factors of 175770446?
2, 17, 1607, 3217
List the prime factors of 189361583.
2089, 90647
List the prime factors of 182293884.
2, 3, 29, 283, 617
What are the prime factors of 131212930?
2, 5, 23, 570491
What are the prime factors of 77875015?
5, 19, 819737
List the prime factors of 178004084.
2, 19, 23, 101833
List the prime factors of 3061365566.
2, 7, 677, 322997
What are the prime factors of 414998193?
3, 101, 461, 2971
List the prime factors of 21157996.
2, 17, 31, 10037
List the prime factors of 356753064.
2, 3, 499, 29789
What are the prime factors of 3911933077?
13, 37, 625609
What are the prime factors of 45055389?
3, 17, 157, 331
List the prime factors of 88966085.
5, 13, 461, 2969
List the prime factors of 2991854.
2, 19, 43, 1831
List the prime factors of 45772757.
83, 223, 2473
What are the prime factors of 422115759?
3, 13, 1202609
List the prime factors of 125982236.
2, 19, 1657661
List the prime factors of 400412936.
2, 7, 11, 401, 1621
List the prime factors of 4272850957.
41, 61, 1708457
What are the prime factors of 365078328?
2, 3, 47, 323651
List the prime factors of 109081934.
2, 13, 29, 144671
List the prime factors of 404741827.
7, 57820261
What are the prime factors of 35895188?
2, 7, 1281971
What are the prime factors of 5291709170?
2, 5, 11, 17, 29, 97579
List the prime factors of 365548428.
2, 3, 7, 207227
What are the prime factors of 461252836?
2, 11, 73, 163, 881
What are the prime factors of 901943865?
3, 5, 47, 61, 6991
What are the prime factors of 71490373?
331, 215983
List the prime factors of 165083109.
3, 29, 67, 127, 223
List the prime factors of 15424865.
5, 17, 19, 9551
What are the prime factors of 93396390?
2, 3, 5, 3113213
List the prime factors of 52866584.
2, 6608323
List the prime factors of 4576880808.
2, 3, 103, 205721
List the prime factors of 2241125167.
79, 181, 156733
What are the prime factors of 6413606642?
2, 3206803321
List the prime factors of 78129682.
2, 41, 853, 1117
What are the prime factors of 1043888693?
1043888693
What are the prime factors of 20737028?
2, 13, 107, 3727
List the prime factors of 1585325934.
2, 3, 88073663
List the prime factors of 357761115.
3, 5, 137, 58031
What are the prime factors of 1375774067?
149, 769, 12007
What are the prime factors of 187705779?
3, 269, 232597
What are the prime factors of 20266472?
2, 2533309
What are the prime factors of 128837256?
2, 3, 29, 37, 5003
What are the prime factors of 92318478?
2, 3, 7, 37, 59407
List the prime factors of 323102125.
5, 19, 136043
What are the prime factors of 163620708?
2, 3, 13635059
List the prime factors of 143749571.
7, 20535653
What are the prime factors of 84581494?
2, 17, 2487691
What are the prime factors of 4355723129?
64067, 67987
What are the prime factors of 2266850385?
3, 5, 19, 73, 36319
What are the prime factors of 141398919?
3, 281, 18637
What are the prime factors of 47747176?
2, 179, 33343
What are the prime factors of 208793712?
2, 3, 53, 82073
What are the prime factors of 736304682?
2, 3, 19, 6458813
List the prime factors of 156396033.
3, 1249, 13913
What are the prime factors of 1964783150?
2, 5, 11, 239, 14947
List the prime factors of 586169802.
2, 3, 409, 79621
List the prime factors of 204022589.
19, 179, 239, 251
List the prime factors of 1412742776.
2, 131, 307, 4391
What are the prime factors of 1191232204?
2, 41, 7263611
What are the prime factors of 191553099?
3, 63851033
What are the prime factors of 954300369?
3, 11, 28918193
List the prime factors of 233062353.
3, 2877313
List the prime factors of 46691555.
5, 9338311
What are the prime factors of 54925199?
7, 41, 211, 907
Li